 t?
8
Let r = -2 - -7. Let o be 7/((-14)/4)*r. What is the tens digit of ((-8)/o)/((-16)/(-440))?
2
Let t(b) = 3*b**3 - 2*b**2 + b. Let w be t(1). Let o be w/6 + 248/(-24). What is the units digit of 32/1 - (-10)/o?
1
Let w = -22 - -22. Suppose 5*g - 9*g + 192 = w. What is the tens digit of g?
4
Let y(i) be the first derivative of i**4/4 + i**3 + i**2/2 - 2. Let g be y(-2). Suppose -g*f - 2*a = -22, -4*f + 2*a + 4 + 34 = 0. What is the units digit of f?
0
What is the hundreds digit of (1837 + -1)/(6/9)?
7
Let j(f) = 9*f - 272. Let p be j(30). Let h be (-16)/(-3) + (-2)/6. Let v = h - p. What is the units digit of v?
7
Let g be (-2)/(-3) + (-92)/(-6). Let c = 13 - g. Let h = c - -42. What is the units digit of h?
9
Let b = -86 + 179. Let m = 160 - b. Suppose -4*y + 175 = m. What is the units digit of y?
7
Let q(n) = -3*n - 5. Suppose 3*b = b + 4. Suppose b*t - 14 = 4*u, 2*u + 0*u = 4*t + 8. What is the units digit of q(u)?
3
Suppose -b + 3 = -0*b. Suppose -47 = 5*q - 4*t - 188, -142 = -5*q + b*t. Suppose -3*z + 125 - 19 = -4*v, 5*v = -z + q. What is the units digit of z?
4
Let j be 5*(-4)/(-15)*6. What is the units digit of (35/(-20))/((-2)/j)?
7
Suppose 8 = 17*a - 19*a. What is the units digit of (-373)/(-4) + (a - -6)/(-8)?
3
Suppose -4*d + 784 = -4*x, -3*x = 4*d - 0*x - 791. What is the hundreds digit of d?
1
Let z(r) = -49*r + 11. Let c be ((-1)/2)/((-3)/(-18)). What is the units digit of z(c)?
8
Let g be (-1414)/(-30) - 8/60. Let x = 117 + g. What is the units digit of x?
4
What is the units digit of (-8061)/(-13) - (-1)/(-13)?
0
Suppose 6*c - 2499 - 639 = 0. What is the hundreds digit of c?
5
Suppose 2*c + c = 54. Let q be 5 + (0 - 3) - (-12 - 0). Let b = c - q. What is the units digit of b?
4
Suppose -5*g = n - 10, 4*n + 5*g = 2*n - 5. Let x = 110 + n. What is the tens digit of x?
9
Suppose 435 + 344 = -n - w, -3*n - 2345 = -w. Let o = -511 - n. Suppose 5*c - 3*k = o, 233 = 3*c - 4*k + 60. What is the tens digit of c?
5
Let m be (-2)/(-6)*(40 + 5). Let i = m + 0. What is the tens digit of i?
1
What is the tens digit of (35/14)/((-3)/(-12))?
1
Suppose 2*z + 41 = -23. Let r = -28 - z. Suppose -r*a - a + 210 = 0. What is the units digit of a?
2
Suppose -5*w + 3896 = -2*p, 3*w - 1306 = -5*p + 1044. What is the tens digit of w?
8
Let f be (5 - 6)/(1/(-10)). Suppose -2 - f = -3*q. Suppose -v + q*v = 207. What is the units digit of v?
9
Let y = 138 - 90. Let s = 193 - y. What is the tens digit of s?
4
Let w = 655 + 271. What is the tens digit of w?
2
Let t(k) = k**3 - 20*k**2 + 101*k - 1. What is the units digit of t(20)?
9
Let c(v) = -v**3 + v**2 + v + 13. Let s = 3 - 0. Let u be (s - (3 - 0))/2. What is the tens digit of c(u)?
1
Suppose r = -0*r - 34. Let s = r - -64. Suppose 2*d - s = 4*g + 60, g = 3*d - 120. What is the tens digit of d?
3
Let d = 6042 - 2797. What is the thousands digit of d?
3
Let j(f) = 2 - 6 - 5 - 6*f + 0. Suppose 2*p - 26 = 4*x + 4*p, -3*x + 3*p = -3. What is the tens digit of j(x)?
1
Let f = -882 - -1035. What is the units digit of f?
3
Let y be (-1)/(-2)*(3 + -2 - -97). Let q = y + 43. What is the units digit of q?
2
Suppose -4*x + 2*k = -4262, 0 = -4*x - 24*k + 22*k + 4242. What is the thousands digit of x?
1
Suppose -341 = -7*f - 103. Let y = 8 - -11. Let t = f - y. What is the units digit of t?
5
Let b(w) = w**3 + 7*w**2 - 9*w + 1. Let c be 6*3/(9/(-4)). Let q be b(c). Suppose 5*m = 6*m - q. What is the units digit of m?
9
Let w(z) = -z**2 + 6*z - 5. Suppose l - 50 = -4*l. Let u = l + -6. What is the units digit of w(u)?
3
Let x(d) = -d**3 - 8*d**2 - 3*d - 6. Let c be x(-8). Suppose 2*p - 4*p = c. Let r(l) = -l**3 - 8*l**2 + 7*l - 12. What is the units digit of r(p)?
6
Let o = -72 - -75. Suppose t - 3*b - 194 = 0, -3*t + 343 = -t + o*b. What is the hundreds digit of t?
1
Suppose a + 3*w + 54 - 556 = 0, 0 = 5*a - 3*w - 2600. What is the units digit of a?
7
Let v = 1180 + -611. What is the hundreds digit of v?
5
Let c = -66 - -152. Suppose 0 = -4*p + b - 1 + 236, 5*p = b + 293. Let j = c - p. What is the tens digit of j?
2
Let a(k) = -k + 14. Let w be a(7). Let o(y) = -y + y**2 - y - w - 2 + 0*y. What is the units digit of o(-5)?
6
Let u be 2 + 123/2*2. Suppose 3*j = 3*s - 2*s + u, j - s = 39. Suppose 0 = 3*b - j - 23. What is the units digit of b?
2
Let n(a) = -5*a + 4. Let z be n(2). Let f(w) = -15*w**2 - 2*w + 21. Let g(k) = -7*k**2 - k + 10. Let o(i) = 6*f(i) - 13*g(i). What is the tens digit of o(z)?
2
Suppose 3*u = 206 - 80. Suppose 2*f - 132 = 2*d, -3*f - 4*d = -2*f - 66. Let n = f - u. What is the tens digit of n?
2
Let g(p) = 503*p**3 - 501*p**3 + 6*p - 2 - 2. What is the units digit of g(3)?
8
Suppose -3*l = -2*z - 946, 5*l + 2*z = 116 + 1450. Let g = l + -118. What is the units digit of g?
6
Let f(m) = -2*m**3 - 7*m**2 + 5*m + 3. Let h(b) = -b**3 + b**2 - b. Let u(s) = f(s) - 3*h(s). What is the tens digit of u(10)?
8
Let c(z) = 0 + 1 - 3*z + 2*z. Let q be c(0). What is the units digit of (-3 - 8)/(q/(-2))?
2
What is the tens digit of -2 + 2736 + -6 - -6?
3
Suppose 6*h - 6 = -0*h. Let u(c) = 18*c**2 - 2*c + 1. What is the tens digit of u(h)?
1
Let j(d) = d**2 - 15*d + 19. Let z be j(20). Suppose -z = -4*y - 11. What is the units digit of y?
7
Suppose 32240 + 21736 = 24*a. What is the tens digit of a?
4
Let z(t) = -t**2 - 14*t + 31. Let k be z(-17). Let g = 21 - k. What is the units digit of g?
1
Let l = 4 + -4. Suppose -5*v = x - 30, l*x - x + 4*v = 6. What is the units digit of ((-4)/(-6))/(x/105)?
7
Suppose -5*s + 5*d = -3 - 7, -5*s = 3*d - 26. Let j be 206/4*(s - 2). Suppose -76 = -4*b + 4*z, -2*z - j = -4*b - 7*z. What is the tens digit of b?
2
Let w be (4 - 0)*1 - 27. Let v = w + 26. Suppose -28 = -4*n + v*n. What is the units digit of n?
8
Let b = 3 - 2. Let q be 45/105 + 22/14. Suppose -q*n + 23 = -b. What is the units digit of n?
2
Suppose 3*b + 4*n - 4784 = 0, 1598 = b - 31*n + 34*n. What is the thousands digit of b?
1
Let o = 38 + -30. Suppose 43 = -3*s + o*s + 2*k, 4*s - 33 = -3*k. Suppose -2*q = -s*x + 4*x - 94, 0 = -2*q - x + 82. What is the tens digit of q?
4
Suppose k = 1395 + 414. What is the units digit of k?
9
Let p be 237 + 1 - (1 - 1). Suppose 0 = -2*h - 2, d = 6*d + 2*h - p. What is the tens digit of d?
4
Let k = -78 - 273. Let v = k - -597. What is the hundreds digit of v?
2
Suppose -4*q = -3*h - 87, 4*h + 113 = 4*q + 21. Let a = q - 13. Suppose -3*j - 5*m - 2 = 5, -j = -2*m - a. What is the units digit of j?
1
Let m = 1 + 3. Suppose -32 = -m*f + 4*q, 0 = -2*f - 0*f - 2*q - 4. Suppose 3*i + f = 5*k + 1, 3*k = -2*i + 24. What is the units digit of i?
6
Let c be 18/81 - 20/9. Let k be (1 + c)/((-4)/12). Suppose -k*a = -35 - 49. What is the units digit of a?
8
Let m(g) = g**2 - 2*g. Let z be 14*(1 + (-3)/(-2)). Suppose -x + z = 4*x. What is the units digit of m(x)?
5
Suppose -9*q + 1632 = -1653. What is the tens digit of q?
6
Suppose 0 = 132*i - 129*i - 4746. What is the thousands digit of i?
1
Suppose -b + 0*h + 2547 = 3*h, -b - h + 2541 = 0. What is the tens digit of b?
3
Let p be 6/(-8)*(4 - (2 - -6)). Suppose -4*h = p*a - 2*h - 221, 2*h - 146 = -2*a. What is the tens digit of a?
7
Suppose 4*g + 2 = -k, 7*k - 10 = 2*k. Let u(l) = -15*l**3 - 21*l**2 + 20*l**2 - l - 2 + 1. What is the tens digit of u(g)?
1
Let y = -568 + 1014. What is the tens digit of y?
4
Suppose 4*c = 898 + 1078. What is the units digit of c?
4
Let p(h) = 0*h**2 - 3*h**2 + 2*h**3 + 3*h - 1 + 41*h**3. What is the tens digit of p(1)?
4
Let a(w) = 2*w**2 + w. Suppose -4*d + 4 = -8. Suppose -1 = d*g - 4. What is the units digit of a(g)?
3
Suppose -788 = -u - 94. What is the units digit of u?
4
Let z(w) = -w**3 + 7*w**2 - 7*w + 8. Let t be z(6). Suppose -d - 2 = -t*d. What is the tens digit of 12*(3 + 1 - d)?
2
Suppose 0 = 12*s - 19*s + 11291. What is the units digit of s?
3
Let a = 329 - 9. What is the units digit of a?
0
What is the hundreds digit of ((-236)/7)/((-8)/28)?
1
What is the thousands digit of 32*(28895/180 - (-10)/45)?
5
Let i(p) = 8*p - 3. Suppose -3*s + 4*c = c - 15, 4*c + 18 = 3*s. Suppose -2*j + 6 = s. What is the units digit of i(j)?
3
What is the tens digit of ((-52)/(-104))/(2/2732)?
8
Suppose -25 = 2*z + 3*z + 5*y, 3 = z - y. Let t = 4 - 7. What is the tens digit of -2 + (z - -28 - t)?
2
Let j b